hat is the tens digit of j?
4
Suppose 0 = -v - k + 84, -169 = 5*v - 3*k - 557. What is the units digit of ((-80)/(-25))/((-2)/v*-2)?
4
What is the hundreds digit of (8/(-12))/((35/(-3390))/7)?
4
Suppose -2755 = 5*i - 19200. What is the tens digit of i?
8
What is the hundreds digit of 1/(-8 + 1) - (-26288)/217?
1
What is the hundreds digit of ((-12)/10)/((-9)/1665)?
2
Let d(k) = 9*k**2 + 281*k - 48. What is the units digit of d(-37)?
6
Let q(v) = v**3 + 6*v**2 - 10*v - 9. Let u be q(-7). Suppose -z = -2*l - 3*z + 14, -4*z + 20 = 0. Suppose l*d - u = -d. What is the units digit of d?
4
Suppose 0 = -3*p - 2*p + 65. Let g(w) be the third derivative of w**4/6 - 3*w**3 + 2*w**2. What is the units digit of g(p)?
4
Let l = -7 - -9. Let g be 4*(l - 10/8). What is the units digit of 61/g - (-8)/(-24)?
0
Let z = -265 + 1156. What is the tens digit of z?
9
What is the units digit of 12/(-28) - 30543/(-21) - -1?
5
Let v(d) = d**2 + 21*d - 44. What is the hundreds digit of v(30)?
4
Let b(f) = -2*f - 35. Let r be b(-20). Suppose -2*k - o + 282 = -r*o, -3*o = -9. What is the tens digit of k?
4
Let h = -269 + 662. What is the tens digit of h?
9
Let h = 804 + -143. What is the units digit of h?
1
Let s(o) = -7 + 12*o + 0 + o. What is the hundreds digit of s(16)?
2
Let d = 30 - 27. Suppose -3*t = d*m - 117, 4*t + 5*m = 237 - 84. What is the tens digit of t?
4
Suppose 65*l - 70*l + 1215 = 5*o, 0 = 4*l + 12. What is the hundreds digit of o?
2
Suppose 5*i = -m - 843 + 5345, i - 894 = 3*m. What is the units digit of i?
0
Suppose 15 = 3*f, -3*f - 42 = 3*a - 285. Suppose 2*m + 3*k - 29 = 0, a = 5*m + k + 3*k. Let p = m + -2. What is the units digit of p?
4
Let a(l) = -49*l - 105. What is the units digit of a(-14)?
1
Suppose 0 = -98*k + 116*k - 15966. What is the units digit of k?
7
Let b(j) = 18*j**2 - 18*j - 7. What is the units digit of b(6)?
3
Suppose 2*a - 4*v - 162 = -0*a, -v = -1. What is the tens digit of a?
8
Suppose 5*w = 2*u, w = u - 0*u. Suppose 5*j + w*j = -60. What is the units digit of -3*2/j*38?
9
Let j(r) = -9*r + 4. Suppose 2*o - 4*q + q = -6, 0 = -2*o + 5*q - 10. Let v be -2 - o*(-2)/4. What is the units digit of j(v)?
2
Let j be (1 - -2)*(-88)/(-66). Suppose 0 = 3*w + 2*w + 2*k - 223, j*k = -4. What is the tens digit of w?
4
Suppose -2*f + 1142 + 750 = 0. What is the units digit of f?
6
Let d(p) = -p**3 + 8*p**2 - 4*p - 8. Let i(h) = h - 11. Let x be i(10). Let y be (4/8)/(x/(-14)). What is the units digit of d(y)?
3
Suppose -9*s + 2768 = -10984. What is the tens digit of s?
2
Let l = 743 + 639. What is the thousands digit of l?
1
Let y(z) = -10*z**3 + 2*z**2 + 7*z + 4. What is the hundreds digit of y(-4)?
6
What is the thousands digit of 58/3*1/(6/954)?
3
Suppose 0 = 7*w - 1277 - 795. What is the tens digit of w?
9
Let z = 51 - 24. Let u be (-18)/(-4)*(-18)/z. Let r = u - -22. What is the units digit of r?
9
Suppose 3*m - 87 = 3*b, -3*m + 82 = -5*b + 3*b. Let j be 38/(-6) - 16/m. Let p(q) = -3*q - 8. What is the units digit of p(j)?
3
Let g(p) = 83*p + 456. What is the hundreds digit of g(30)?
9
Let d = -307 + 862. Suppose -c + 106 = -5*g - 5, -5*c + d = -5*g. What is the tens digit of c?
1
Let s = 661 + -466. Suppose 2*q = -q + s. What is the tens digit of q?
6
Suppose 24*s - 1946 = 17*s. What is the tens digit of s?
7
Let w(s) = -s**3 - 5*s**2 + 7*s - 6. Let l be w(-7). Suppose -72 = -m - 2*m. Let z = l - m. What is the units digit of z?
9
Let q = 166 - 162. Let k(x) = -x**3 - 5*x**2 - 5*x + 1. Let t be k(-4). Suppose -t*a = -10, -5*c - q*a + 74 + 24 = 0. What is the tens digit of c?
1
Let u = 8 - -4. Let a be 15/(-90) - (-290)/u. Suppose -19 = 5*w - a. What is the units digit of w?
1
Let d(j) = -3*j + 12. Let v be d(4). Suppose 3*i - 172 = 5*u + 21, 3*i + 3*u - 201 = v. What is the tens digit of i?
6
Let m(j) = 3*j**3 - 10*j**2 + 13*j - 26. Let b be m(6). Let f = b - 232. What is the hundreds digit of f?
1
Let s(z) = 2*z + 11. Let m be s(8). Let q = m - 22. Suppose 3*p = -0*p - 12, -h + 42 = -q*p. What is the tens digit of h?
2
Suppose -4*k + 7 + 1 = 0. Let h(v) = -k*v - 2*v**2 + 2*v - 19 - 22*v. What is the tens digit of h(-9)?
1
Let t be 375/(-90)*(-4)/10*3. Suppose -t*k + v = -184 - 264, -k + 100 = 5*v. What is the tens digit of k?
9
Suppose -m = -4*i - 6, -4*i + 4 = 4*m - 0. Let y(b) = -2 + 3 + m*b + b. What is the units digit of y(5)?
6
Let y = 49 + 2254. What is the units digit of y?
3
Let x(b) = 4*b**2 + 16 + 14*b + 6*b**2 - 16*b + 14*b + b**3. What is the tens digit of x(-6)?
8
Let y be ((-166)/3 + 2)*-3. Let l = -86 + y. What is the tens digit of l?
7
What is the hundreds digit of (-4)/(-5) + (-32856)/(-30)?
0
Suppose -2*k + 11 = 3*g + 1, 5*k - 16 = -3*g. Suppose 4*t - 13 + 5 = 0, 4*t + k = 5*b. What is the units digit of b?
2
Suppose -3*c - k + 17 = -0*k, 5*c - 15 = k. Suppose c = -3*n + 5*n. Suppose -g = -2 - 0, n*b - 50 = 2*g. What is the units digit of b?
7
Let y be (30/15)/(2/(-14)*1). Suppose 2*p + 3*o - 81 = 0, -4*p + 4*o + 260 = 88. Let q = p + y. What is the tens digit of q?
2
Suppose -11 = -9*i + 43. Suppose 213 = i*p - 33. What is the units digit of p?
1
Let n be 72/15 - (-1)/5. Suppose n*q - 9*q = -304. Suppose -4*k + q = -2*k. What is the units digit of k?
8
Suppose 0*u - 2*u = -8. Suppose -b = b - u. Suppose -q + 90 = b*q. What is the tens digit of q?
3
Suppose 0 = -4*u + 2 + 22. Suppose -7*s = -9*s + 10. Suppose i + 4*h - u = -2*i, 4*h - 10 = -s*i. What is the units digit of i?
2
Suppose 5 = -m + 3*n - 5, m + 2*n = 5. Let u(t) = 100*t**2 - 2*t - 2. Let g be u(m). Suppose -2*l = 3*l - g. What is the tens digit of l?
2
Let i = 472 + 1565. What is the hundreds digit of i?
0
Let b = -691 + 1445. What is the hundreds digit of b?
7
Let z = -213 - -227. What is the units digit of z?
4
Suppose -10*g = -14*g + 16. Let h be (-16)/24*6/g. What is the units digit of (1*(-2 + -1))/h?
3
Let f be 4/((-16)/2)*-6. Suppose 4*b - 40 = f*b. Suppose 4*w + 4 = b. What is the units digit of w?
9
Let w = 486 - -162. Let i = -352 + w. What is the hundreds digit of i?
2
Let a = -3974 + 5813. What is the tens digit of a?
3
Let k = 352 - 513. Let w = k + 258. What is the tens digit of w?
9
Let r be (24/20)/(6/70). Suppose 2*u - 20 = r. What is the tens digit of u?
1
Let k be -2 + 8 - (-1)/(-2)*-2. Let u be 2/5*(-5)/1. Let s = k + u. What is the units digit of s?
5
Let n = -15 - -19. Let z(k) = -5 - n + 6 + 2*k - 15*k. What is the units digit of z(-3)?
6
Let i(h) = h - 13. Let d be i(7). Let j be (-3 + (-2 - d))*13. Suppose -3*z = -3*g - 39, -2 = z - 3*g - j. What is the units digit of z?
4
Suppose 16 = 3*x - x. Suppose -z - 22 = -2*n - x, 0 = 4*z - 8. Suppose -2*k + 74 = 2*c, k - 2*c = n + 35. What is the units digit of k?
9
Let w = 508 + 199. What is the units digit of w?
7
Let k(n) = n + 1. Suppose -3*j + 4*r - 4 = 0, 0 = 2*j - j - r. Let f be k(j). Suppose -f + 27 = 2*h. What is the tens digit of h?
1
Let j = -78 - 29. Let i = j - -236. What is the tens digit of i?
2
Let o(q) = -q**3 + 23*q**2 + 7*q - 30. What is the hundreds digit of o(22)?
6
Let r = -16 - -16. Let h be (1 + r)/(4/(-12)). What is the tens digit of 1 + (h - -2) - -44?
4
Suppose 0 = 2*b - h - 5, -5*b - h + 7 = -4*b. Suppose b*z + 144 = 5*z. What is the hundreds digit of z?
1
Let b = 0 - -4. Suppose 1089 = -i - 4*i + 3*m, 4*m + 852 = -b*i. What is the units digit of (-3)/(3 - i/(-68))?
7
Let x(s) = s**3 - 6*s**2 + 4*s - 3. Let t be x(6). Suppose -28 = -o + 4*o - 5*y, 4*y = o + t. What is the tens digit of (0 - o)*(2 + 37)?
3
Suppose -u + 8 = 3*v, v - 3*u = 29 - 13. Suppose -4*c + 668 = v*o, c + 0 = -3. What is the tens digit of o?
7
Let d(x) = 13 + 4*x**2 - x**2 + 2*x - 3*x. Let t be d(-7). Let b = -119 + t. What is the tens digit of b?
4
Suppose 0*p - w = 3*p - 57, -p - w + 19 = 0. Suppose -g = -a - p, -4*a + 5*a = 3*g - 59. What is the units digit of g?
0
Let q = 4 - 4. Suppose q = -z - 2 + 7. Suppose 20 = z*c - 10. What is the units digit of c?
6
Let d(x) = x - 12. Let h be d(17). Suppose -5*j = h*u - 326 - 84, 2*j + 4*u - 162 = 0. What is the tens digit of j?
8
Let w(h) be the first derivative of h**3/3 - h**2 - h + 5. Let g be w(3). Suppose -4*m + 86 = g*o, 2*o + 0*o - 10 = 0. What is the tens digit of m?
1
Let n(h) = -53*h - 10. Let i be n(-6). What is the units digit of